{"id":402,"date":"2016-05-25T19:04:48","date_gmt":"2016-05-25T19:04:48","guid":{"rendered":"http:\/\/www.tagmas.com\/publicidad-rosario\/?page_id=402"},"modified":"2025-12-26T16:41:11","modified_gmt":"2025-12-26T19:41:11","slug":"la-agencia","status":"publish","type":"page","link":"https:\/\/www.tagmas.com\/publicidad-rosario\/la-agencia\/","title":{"rendered":"La Agencia"},"content":{"rendered":"\n<h4 class=\"wp-block-heading\">Elegimos esa denominaci\u00f3n porque nuestra filosof\u00eda de trabajo consiste en tener pocos clientes, pero bien comunicados.&nbsp;<\/h4>\n\n\n\n<h4 class=\"wp-block-heading\">Desde nuestros inicios, hace ya m\u00e1s de 15 a\u00f1os atr\u00e1s, sostenemos que es la \u00fanica manera de mantener un trato personalizado y una estrategia publicitaria ajustada a los intereses de cada marca.<\/h4>\n\n\n\n<h4 class=\"wp-block-heading\">Nos gusta escuchar a los clientes, porque son ellos los que realmente saben de su negocio, y los mejores resultados se obtienen siempre del trabajo en equipo.<\/h4>\n","protected":false},"excerpt":{"rendered":"<p>Elegimos esa denominaci\u00f3n porque nuestra filosof\u00eda de trabajo consiste en tener pocos clientes, pero bien comunicados.&nbsp; Desde nuestros inicios, hace ya m\u00e1s de 15 a\u00f1os atr\u00e1s,<span class=\"excerpt-hellip\"> [\u2026]<\/span><\/p>\n","protected":false},"author":3,"featured_media":757,"parent":0,"menu_order":0,"comment_status":"closed","ping_status":"closed","template":"","meta":{"_exactmetrics_skip_tracking":false,"_exactmetrics_sitenote_active":false,"_exactmetrics_sitenote_note":"","_exactmetrics_sitenote_category":0,"footnotes":""},"class_list":["post-402","page","type-page","status-publish","has-post-thumbnail","hentry"],"aioseo_notices":[],"_links":{"self":[{"href":"https:\/\/www.tagmas.com\/publicidad-rosario\/wp-json\/wp\/v2\/pages\/402","targetHints":{"allow":["GET"]}}],"collection":[{"href":"https:\/\/www.tagmas.com\/publicidad-rosario\/wp-json\/wp\/v2\/pages"}],"about":[{"href":"https:\/\/www.tagmas.com\/publicidad-rosario\/wp-json\/wp\/v2\/types\/page"}],"author":[{"embeddable":true,"href":"https:\/\/www.tagmas.com\/publicidad-rosario\/wp-json\/wp\/v2\/users\/3"}],"replies":[{"embeddable":true,"href":"https:\/\/www.tagmas.com\/publicidad-rosario\/wp-json\/wp\/v2\/comments?post=402"}],"version-history":[{"count":24,"href":"https:\/\/www.tagmas.com\/publicidad-rosario\/wp-json\/wp\/v2\/pages\/402\/revisions"}],"predecessor-version":[{"id":1663,"href":"https:\/\/www.tagmas.com\/publicidad-rosario\/wp-json\/wp\/v2\/pages\/402\/revisions\/1663"}],"wp:featuredmedia":[{"embeddable":true,"href":"https:\/\/www.tagmas.com\/publicidad-rosario\/wp-json\/wp\/v2\/media\/757"}],"wp:attachment":[{"href":"https:\/\/www.tagmas.com\/publicidad-rosario\/wp-json\/wp\/v2\/media?parent=402"}],"curies":[{"name":"wp","href":"https:\/\/api.w.org\/{rel}","templated":true}]}}